ded by 899.
890
Calculate the remainder when 209387 is divided by 8710.
347
What is the remainder when 33617099 is divided by 189927?
20
What is the remainder when 112511 is divided by 11603?
8084
Calculate the remainder when 165444 is divided by 18.
6
Calculate the remainder when 2496165 is divided by 166411.
0
What is the remainder when 287326 is divided by 11543?
10294
Calculate the remainder when 10140791 is divided by 1552.
23
Calculate the remainder when 72773646 is divided by 117.
114
What is the remainder when 36086 is divided by 161?
22
What is the remainder when 3187987 is divided by 187?
11
Calculate the remainder when 2006416 is divided by 65.
61
What is the remainder when 68697 is divided by 65109?
3588
Calculate the remainder when 407937 is divided by 144.
129
What is the remainder when 71665621 is divided by 14333122?
11
Calculate the remainder when 19271254 is divided by 154170.
4
Calculate the remainder when 1370857 is divided by 885.
877
Calculate the remainder when 181806 is divided by 4778.
242
Calculate the remainder when 128361 is divided by 42667.
360
What is the remainder when 2950638 is divided by 983544?
6
What is the remainder when 189261 is divided by 189222?
39
Calculate the remainder when 266392 is divided by 266370.
22
Calculate the remainder when 23789 is divided by 701.
656
What is the remainder when 13819 is divided by 155?
24
What is the remainder when 1377803 is divided by 3180?
863
Calculate the remainder when 53121276 is divided by 781.
780
What is the remainder when 515368 is divided by 746?
628
Calculate the remainder when 54388945 is divided by 2310.
2305
What is the remainder when 80810 is divided by 26852?
254
Calculate the remainder when 552384 is divided by 13794.
624
What is the remainder when 8693743 is divided by 250?
243
What is the remainder when 5036515 is divided by 111?
1
Calculate the remainder when 3507324 is divided by 49.
2
Calculate the remainder when 294176 is divided by 2470.
246
What is the remainder when 8436544 is divided by 205?
179
What is the remainder when 57011 is divided by 1361?
1210
What is the remainder when 156980 is divided by 39076?
676
Calculate the remainder when 38855 is divided by 4975.
4030
What is the remainder when 15559677 is divided by 3860?
17
What is the remainder when 318206 is divided by 159077?
52
What is the remainder when 574642293 is divided by 918?
915
What is the remainder when 21595858 is divided by 34720?
18
What is the remainder when 599451 is divided by 59940?
51
What is the remainder when 55292153 is divided by 187?
180
Calculate the remainder when 3546965 is divided by 132.
125
What is the remainder when 104204416 is divided by 5?
1
Calculate the remainder when 4139292 is divided by 133524.
48
What is the remainder when 1039 is divided by 905?
134
Calculate the remainder when 136902 is divided by 2587.
2378
What is the remainder when 151919 is divided by 413?
348
Calculate the remainder when 575060 is divided by 17426.
2
Calculate the remainder when 2154727 is divided by 64.
39
Calculate the remainder when 112382940 is divided by 5619147.
0
Calculate the remainder when 6848334 is divided by 3071.
4
Calculate the remainder when 15253 is divided by 615.
493
What is the remainder when 163336 is divided by 5837?
5737
Calculate the remainder when 714384 is divided by 10208.
10032
Calculate the remainder when 108421631 is divided by 5811.
5804
Calculate the remainder when 6764 is divided by 3903.
2861
Calculate the remainder when 95549 is divided by 796.
29
What is the remainder when 118373730 is divided by 57?
6
What is the remainder when 20931 is divided by 982?
309
Calculate the remainder when 32865220 is divided by 61.
6
Calculate the remainder when 2595369 is divided by 865120.
9
What is the remainder when 525811 is divided by 40444?
39
What is the remainder when 358203 is divided by 3889?
415
Calculate the remainder when 5070411 is divided by 120.
51
Calculate the remainder when 38369 is divided by 7669.
24
Calculate the remainder when 60387779 is divided by 1631.
4
What is the remainder when 10903073 is divided by 726867?
68
What is the remainder when 2156820 is divided by 718914?
78
What is the remainder when 1597258 is divided by 319347?
523
Calculate the remainder when 1230751523 is divided by 1574.
1573
Calculate the remainder when 643859 is divided by 4012.
1939
Calculate the remainder when 109553 is divided by 4047.
284
Calculate the remainder when 47001 is divided by 768.
153
What is the remainder when 876303 is divided by 33703?
25
What is the remainder when 84581 is divided by 116?
17
Calculate the remainder when 839021 is divided by 209750.
21
What is the remainder when 355788818 is divided by 3964?
3962
Calculate the remainder when 78025 is divided by 8.
1
What is the remainder when 5896862 is divided by 760?
22
What is the remainder when 40800459 is divided by 31?
26
Calculate the remainder when 353223 is divided by 6536.
279
Calculate the remainder when 331382 is divided by 125.
7
Calculate the remainder when 1067322 is divided by 133391.
194
What is the remainder when 1831693 is divided by 610537?
82
What is the remainder when 2066790 is divided by 504?
390
What is the remainder when 604177 is divided by 176?
145
Calculate the remainder when 2957931 is divided by 27905.
1
Calculate the remainder when 31650714 is divided by 21.
18
What is the remainder when 95174 is divided by 2068?
46
What is the remainder when 2343263 is divided by 8978?
5
Calculate the remainder when 2690025 is divided by 179335.
0
What is the remainder when 19533166 is divided by 6511050?
16
What is the remainder when 252646 is divided by 31542?
310
Calculate the remainder when 10216666 is divided by 12.
10
What is the remainder when 124379 is divided by 276?
179
Calculate the remainder when 29113 is divided by 572.
513
What is the remainder when 33988666 is divided by 657?
85
What is the remainder when 498074 is divided by 107?
96
What is the remainder when 51212 is divided by 36?
20
What is the remainder when 2471239 is divided by 617795?
59
Calculate the remainder when 457121 is divided by 67.
47
Calculate the remainder when 28321 is divided by 3269.
2169
What is the remainder when 36204 is divided by 8189?
3448
What is the remainder when 147366 is divided by 666?
180
Calculate the remainder when 157277611 is divided by 1199.
1184
What is the remainder when 1020783 is divided by 1679?
1630
What is the remainder when 414163 is divided by 103478?
251
Calculate the remainder when 5886397 is divided by 1098.
19
What is the remainder when 821049 is divided by 2582?
2555
What is the remainder when 68394256 is divided by 35?
21
What is the remainder when 2131314 is divided by 5730?
5484
Calculate the remainder when 4302625 is divided by 537828.
1
What is the remainder when 755772 is divided by 5204?
1192
Calculate the remainder when 1834360 is divided by 20609.
159
What is the remainder when 5964929 is divided by 521?
0
Calculate the remainder when 3189925 is divided by 3904.
357
What is the remainder when 47399354 is divided by 7899890?
14
What is the remainder when 87487 is divided by 4184?
3807
Calculate the remainder when 478068 is divided by 694.
596
What is the remainder when 1138021 is divided by 12749?
3360
Calculate the remainder when 12201652 is divided by 1490.
42
Calculate the remainder when 95249 is divided by 453.
119
Calculate the remainder when 418658 is divided by 24623.
67
What is the remainder when 9365124 is divided by 322935?
9
What is the remainder when 268234484 is divided by 3582?
3578
What is the remainder when 60811 is divided by 53002?
7809
Calculate the remainder when 381388 is divided by 25424.
28
Calculate the remainder when 1338726 is divided by 66935.
26
Calculate the remainder when 13128551 is divided by 2188091.
5
Calculate the remainder when 25421 is divided by 6263.
369
Calculate the remainder when 1981230 is divided by 1826.
20
Calculate the remainder when 6434811 is divided by 569.
559
What is the remainder when 2987415 is divided by 43?
33
Calculate the remainder when 4682904 is divided by 416.
408
Calculate the remainder when 471755 is divided by 107.
99
Calculate the remainder when 44846 is divided by 542.
402
Calculate